{"id":10297,"date":"2025-07-08T11:34:32","date_gmt":"2025-07-08T11:34:32","guid":{"rendered":"https:\/\/demo45.com\/herbolare\/?post_type=product&#038;p=10297"},"modified":"2025-08-21T02:03:06","modified_gmt":"2025-08-21T02:03:06","slug":"gu-gu-roll","status":"publish","type":"product","link":"https:\/\/demo45.com\/herbolare\/product\/gu-gu-roll\/","title":{"rendered":"Gu Gu Roll para Piquetes de Insectos | F\u00f3rmulas Naturales para Beb\u00e9s y Ni\u00f1os | Con Tea Tree"},"content":{"rendered":"<p><strong>Gu Gu Roll<\/strong>, nuestro innovador roll-on con aceite de <strong>Tea Tree 100% puro<\/strong>, alivia molestias ocasionadas por piquetes de mosquitos y ayuda a calmar la comez\u00f3n y las ronchas.<\/p>\n","protected":false},"excerpt":{"rendered":"<ul>\n<li>Roll-on refrescante con <strong>aceite esencial de tea tree<\/strong>.<\/li>\n<li>Calma la comez\u00f3n, ayuda a reducir enrojecimiento y protege la piel tras picaduras leves.<\/li>\n<li>Ideal para climas c\u00e1lidos, paseos al aire libre o viajes.<\/li>\n<\/ul>\n","protected":false},"featured_media":10298,"comment_status":"open","ping_status":"closed","template":"","meta":{"_acf_changed":false},"product_brand":[],"product_cat":[75],"product_tag":[],"class_list":{"0":"post-10297","1":"product","2":"type-product","3":"status-publish","4":"has-post-thumbnail","6":"product_cat-children-and-babies","8":"first","9":"instock","10":"shipping-taxable","11":"purchasable","12":"product-type-simple"},"acf":[],"_links":{"self":[{"href":"https:\/\/demo45.com\/herbolare\/wp-json\/wp\/v2\/product\/10297","targetHints":{"allow":["GET"]}}],"collection":[{"href":"https:\/\/demo45.com\/herbolare\/wp-json\/wp\/v2\/product"}],"about":[{"href":"https:\/\/demo45.com\/herbolare\/wp-json\/wp\/v2\/types\/product"}],"replies":[{"embeddable":true,"href":"https:\/\/demo45.com\/herbolare\/wp-json\/wp\/v2\/comments?post=10297"}],"wp:featuredmedia":[{"embeddable":true,"href":"https:\/\/demo45.com\/herbolare\/wp-json\/wp\/v2\/media\/10298"}],"wp:attachment":[{"href":"https:\/\/demo45.com\/herbolare\/wp-json\/wp\/v2\/media?parent=10297"}],"wp:term":[{"taxonomy":"product_brand","embeddable":true,"href":"https:\/\/demo45.com\/herbolare\/wp-json\/wp\/v2\/product_brand?post=10297"},{"taxonomy":"product_cat","embeddable":true,"href":"https:\/\/demo45.com\/herbolare\/wp-json\/wp\/v2\/product_cat?post=10297"},{"taxonomy":"product_tag","embeddable":true,"href":"https:\/\/demo45.com\/herbolare\/wp-json\/wp\/v2\/product_tag?post=10297"}],"curies":[{"name":"wp","href":"https:\/\/api.w.org\/{rel}","templated":true}]}}